{"id":110,"date":"2020-01-10T21:19:59","date_gmt":"2020-01-10T20:19:59","guid":{"rendered":"http:\/\/www.profeedshop.se\/?page_id=110"},"modified":"2021-01-28T19:49:43","modified_gmt":"2021-01-28T18:49:43","slug":"bestall-produkt","status":"publish","type":"page","link":"http:\/\/www.profeedshop.se\/?page_id=110","title":{"rendered":"Best\u00e4ll produkt"},"content":{"rendered":"\n<p>Vi s\u00e4ljer som vanligt Profeed i 2 kg hink eller i 25 kg s\u00e4ck. Skicka ett mail till <a href=\"mailto:linkan@linkan.se\">linkan@linkan.se<\/a> med din best\u00e4llning s\u00e5 ser vi till att skicka produkt till dig. Ange ditt namn, adress och telefonnummer s\u00e5 vi kan n\u00e5 dig. <\/p>\n\n\n\n<p>2 kg Profeed kostar 300 kronor, fraktkostnad tillkommer. <\/p>\n\n\n\n<p>V\u00e5rt best\u00e4llningsformul\u00e4r har inte fungerat tillfredsst\u00e4llande under en tid. Vi ber om urs\u00e4kt om ni inte kunnat f\u00e5 din best\u00e4llning skickad till dig. <\/p>\n","protected":false},"excerpt":{"rendered":"<p>Vi s\u00e4ljer som vanligt Profeed i 2 kg hink eller i 25 kg s\u00e4ck. Skicka ett mail till linkan@linkan.se med din best\u00e4llning s\u00e5 ser vi till att skicka produkt till dig. Ange ditt namn, adress och telefonnummer s\u00e5 vi kan n\u00e5 dig. 2 kg Profeed kostar 300 kronor, fraktkostnad tillkommer. V\u00e5rt best\u00e4llningsformul\u00e4r har inte fungerat &hellip; <\/p>\n<p class=\"link-more\"><a href=\"http:\/\/www.profeedshop.se\/?page_id=110\" class=\"more-link\">Forts\u00e4tt l\u00e4sa<span class=\"screen-reader-text\"> \u201dBest\u00e4ll produkt\u201d<\/span><\/a><\/p>\n","protected":false},"author":1,"featured_media":75,"parent":0,"menu_order":1,"comment_status":"closed","ping_status":"closed","template":"","meta":{"footnotes":""},"class_list":["post-110","page","type-page","status-publish","has-post-thumbnail","hentry"],"_links":{"self":[{"href":"http:\/\/www.profeedshop.se\/index.php?rest_route=\/wp\/v2\/pages\/110","targetHints":{"allow":["GET"]}}],"collection":[{"href":"http:\/\/www.profeedshop.se\/index.php?rest_route=\/wp\/v2\/pages"}],"about":[{"href":"http:\/\/www.profeedshop.se\/index.php?rest_route=\/wp\/v2\/types\/page"}],"author":[{"embeddable":true,"href":"http:\/\/www.profeedshop.se\/index.php?rest_route=\/wp\/v2\/users\/1"}],"replies":[{"embeddable":true,"href":"http:\/\/www.profeedshop.se\/index.php?rest_route=%2Fwp%2Fv2%2Fcomments&post=110"}],"version-history":[{"count":4,"href":"http:\/\/www.profeedshop.se\/index.php?rest_route=\/wp\/v2\/pages\/110\/revisions"}],"predecessor-version":[{"id":118,"href":"http:\/\/www.profeedshop.se\/index.php?rest_route=\/wp\/v2\/pages\/110\/revisions\/118"}],"wp:featuredmedia":[{"embeddable":true,"href":"http:\/\/www.profeedshop.se\/index.php?rest_route=\/wp\/v2\/media\/75"}],"wp:attachment":[{"href":"http:\/\/www.profeedshop.se\/index.php?rest_route=%2Fwp%2Fv2%2Fmedia&parent=110"}],"curies":[{"name":"wp","href":"https:\/\/api.w.org\/{rel}","templated":true}]}}